{"id":96,"date":"2026-03-07T08:59:17","date_gmt":"2026-03-07T08:59:17","guid":{"rendered":"https:\/\/virtual-asszisztencia.hu\/?page_id=96"},"modified":"2026-03-07T09:00:53","modified_gmt":"2026-03-07T09:00:53","slug":"szolgaltatasaim","status":"publish","type":"page","link":"https:\/\/virtual-asszisztencia.hu\/index.php\/szolgaltatasaim\/","title":{"rendered":"Szolg\u00e1ltat\u00e1saim"},"content":{"rendered":"\n<div class=\"wp-block-media-text is-stacked-on-mobile\" style=\"grid-template-columns:35% auto\"><figure class=\"wp-block-media-text__media\"><img loading=\"lazy\" decoding=\"async\" width=\"1024\" height=\"768\" src=\"https:\/\/virtual-asszisztencia.hu\/wp-content\/uploads\/2026\/03\/stages-of-business-growth-1024x768.jpg\" alt=\"\" class=\"wp-image-97 size-full\" srcset=\"https:\/\/virtual-asszisztencia.hu\/wp-content\/uploads\/2026\/03\/stages-of-business-growth-1024x768.jpg 1024w, https:\/\/virtual-asszisztencia.hu\/wp-content\/uploads\/2026\/03\/stages-of-business-growth-300x225.jpg 300w, https:\/\/virtual-asszisztencia.hu\/wp-content\/uploads\/2026\/03\/stages-of-business-growth-768x576.jpg 768w, https:\/\/virtual-asszisztencia.hu\/wp-content\/uploads\/2026\/03\/stages-of-business-growth.jpg 1200w\" sizes=\"auto, (max-width: 1024px) 100vw, 1024px\" \/><\/figure><div class=\"wp-block-media-text__content\">\n<p><strong>V\u00e1llalkoz\u00e1st\u00e1mogat\u00e1s \u00e9s kapcsolattart\u00e1s<\/strong><\/p>\n\n\n\n<ul class=\"wp-block-list\">\n<li>Partnerek, besz\u00e1ll\u00edt\u00f3k kutat\u00e1sa \u00e9s kapcsolattart\u00e1sa<\/li>\n\n\n\n<li>\u00dcgyfelekkel val\u00f3 kommunik\u00e1ci\u00f3, egyeztet\u00e9sek<\/li>\n\n\n\n<li>Projektek k\u00f6vet\u00e9se, st\u00e1tuszok figyel\u00e9se, inform\u00e1ci\u00f3k rendszerez\u00e9se<\/li>\n<\/ul>\n\n\n\n<hr class=\"wp-block-separator has-alpha-channel-opacity\"\/>\n\n\n\n<p>\u00a0<strong>Adminisztrat\u00edv h\u00e1tt\u00e9rt\u00e1mogat\u00e1s<\/strong><\/p>\n\n\n\n<ul class=\"wp-block-list\">\n<li>Adatok r\u00f6gz\u00edt\u00e9se, rendszerez\u00e9se, nyilv\u00e1ntart\u00e1sok vezet\u00e9se<\/li>\n\n\n\n<li>Szerz\u0151d\u00e9sek el\u0151k\u00e9sz\u00edt\u00e9se, dokumentumok kezel\u00e9se<\/li>\n\n\n\n<li>Sz\u00e1ml\u00e1z\u00e1s, kiad\u00e1sok nyomon k\u00f6vet\u00e9se, k\u00f6nyvel\u0151i anyag el\u0151k\u00e9sz\u00edt\u00e9se<\/li>\n\n\n\n<li>K\u00f6rlevelek, jegyz\u0151k\u00f6nyvek, prezent\u00e1ci\u00f3k k\u00e9sz\u00edt\u00e9se<\/li>\n\n\n\n<li>Aj\u00e1nlatk\u00e9r\u00e9sek, \u0171rlapok \u00f6ssze\u00e1ll\u00edt\u00e1sa<\/li>\n\n\n\n<li>Online kutat\u00e1s, inform\u00e1ci\u00f3gy\u0171jt\u00e9s<\/li>\n<\/ul>\n\n\n\n<hr class=\"wp-block-separator has-alpha-channel-opacity\"\/>\n\n\n\n<h3 class=\"wp-block-heading\">\u00a0<strong>Szervez\u00e9s \u00e9s \u00fcgyint\u00e9z\u00e9s<\/strong><\/h3>\n\n\n\n<ul class=\"wp-block-list\">\n<li>Meetingek, tanfolyamok, napt\u00e1rkezel\u00e9s<\/li>\n\n\n\n<li>Regisztr\u00e1ci\u00f3s \u00e9s egy\u00e9b h\u00e1tt\u00e9r\u00fcgyint\u00e9z\u00e9s<\/li>\n<\/ul>\n\n\n\n<p><strong>Online kommunik\u00e1ci\u00f3 \u00e9s marketing t\u00e1mogat\u00e1s<\/strong><\/p>\n\n\n\n<p><strong>Social media<\/strong><\/p>\n\n\n\n<ul class=\"wp-block-list\">\n<li>Posztok id\u0151z\u00edt\u00e9se\u00a0<\/li>\n\n\n\n<li>K\u00e9pek szerkeszt\u00e9se, vizu\u00e1lok el\u0151k\u00e9sz\u00edt\u00e9se<\/li>\n<\/ul>\n\n\n\n<p><strong>H\u00edrlevelez\u00e9s<\/strong><\/p>\n\n\n\n<ul class=\"wp-block-list\">\n<li>H\u00edrlevelek szerkeszt\u00e9se, id\u0151z\u00edt\u00e9se, k\u00fcld\u00e9se\u00a0<\/li>\n<\/ul>\n\n\n\n<p><strong>Blog \u00e9s tartalomfelt\u00f6lt\u00e9s<\/strong><\/p>\n\n\n\n<ul class=\"wp-block-list\">\n<li>Blogcikkek form\u00e1z\u00e1sa, felt\u00f6lt\u00e9se weboldalra<\/li>\n\n\n\n<li>Weboldal tartalmi elemeinek m\u00f3dos\u00edt\u00e1sa<\/li>\n<\/ul>\n\n\n\n<p><strong>&nbsp;Webshop asszisztencia<\/strong><\/p>\n\n\n\n<ul class=\"wp-block-list\">\n<li>term\u00e9kfelt\u00f6lt\u00e9s<\/li>\n\n\n\n<li>term\u00e9kle\u00edr\u00e1s\u00a0<\/li>\n\n\n\n<li>term\u00e9kk\u00e9p szerkeszt\u00e9se, optimaliz\u00e1l\u00e1sa<\/li>\n\n\n\n<li>k\u00e9szletkezel\u00e9s<\/li>\n\n\n\n<li>\u00fcgyf\u00e9lszolg\u00e1lat<\/li>\n\n\n\n<li>kapcsolattart\u00e1s besz\u00e1ll\u00edt\u00f3kkal, gy\u00e1rt\u00e1ssal, fut\u00e1rszolg\u00e1lattal<\/li>\n\n\n\n<li>sz\u00e1ml\u00e1z\u00e1s<\/li>\n\n\n\n<li>online piacterek kezel\u00e9se<\/li>\n<\/ul>\n\n\n\n<h2 class=\"wp-block-heading\">Hogyan m\u0171k\u00f6dik a virtu\u00e1lis asszisztens szolg\u00e1ltat\u00e1s?<\/h2>\n\n\n\n<p>A feladatok elv\u00e9gz\u00e9s\u00e9re ford\u00edtott id\u0151r\u0151l kimutat\u00e1s vezetek, melyr\u0151l folyamatos t\u00e1j\u00e9koztat\u00e1st ny\u00fajtok.<\/p>\n\n\n\n<p>A h\u00e1tt\u00e9rben \u00f6n\u00e1ll\u00f3an tev\u00e9kenykedem, kiszervezhet\u0151 projektekbe, feladatokban veszek r\u00e9szt.\u00a0<\/p>\n\n\n\n<p>Egy\u00e9ni v\u00e1llalkoz\u00f3k\u00e9nt dolgozom, \u00edgy nem T\u00e9ged terhel a\u00a0 j\u00e1rul\u00e9k megfizet\u00e9s \u00e9s irod\u00e1t, eszk\u00f6z\u00f6ket sem kell sz\u00e1momra biztos\u00edtanod.\u00a0<\/p>\n\n\n\n<p>A kisz\u00e1m\u00edthat\u00f3, \u00e1tl\u00e1that\u00f3 egy\u00fcttm\u0171k\u00f6d\u00e9s \u00e9rdek\u00e9ben az elv\u00e9gzend\u0151 feladatok k\u00f6r\u00e9t \u00e9s a megb\u00edzat\u00e1s \u00f3rasz\u00e1m\u00e1t szerz\u0151d\u00e9sbe foglaljuk.<\/p>\n<\/div><\/div>\n","protected":false},"excerpt":{"rendered":"","protected":false},"author":1,"featured_media":0,"parent":0,"menu_order":0,"comment_status":"closed","ping_status":"closed","template":"","meta":{"footnotes":""},"class_list":["post-96","page","type-page","status-publish","hentry"],"_links":{"self":[{"href":"https:\/\/virtual-asszisztencia.hu\/index.php\/wp-json\/wp\/v2\/pages\/96","targetHints":{"allow":["GET"]}}],"collection":[{"href":"https:\/\/virtual-asszisztencia.hu\/index.php\/wp-json\/wp\/v2\/pages"}],"about":[{"href":"https:\/\/virtual-asszisztencia.hu\/index.php\/wp-json\/wp\/v2\/types\/page"}],"author":[{"embeddable":true,"href":"https:\/\/virtual-asszisztencia.hu\/index.php\/wp-json\/wp\/v2\/users\/1"}],"replies":[{"embeddable":true,"href":"https:\/\/virtual-asszisztencia.hu\/index.php\/wp-json\/wp\/v2\/comments?post=96"}],"version-history":[{"count":2,"href":"https:\/\/virtual-asszisztencia.hu\/index.php\/wp-json\/wp\/v2\/pages\/96\/revisions"}],"predecessor-version":[{"id":100,"href":"https:\/\/virtual-asszisztencia.hu\/index.php\/wp-json\/wp\/v2\/pages\/96\/revisions\/100"}],"wp:attachment":[{"href":"https:\/\/virtual-asszisztencia.hu\/index.php\/wp-json\/wp\/v2\/media?parent=96"}],"curies":[{"name":"wp","href":"https:\/\/api.w.org\/{rel}","templated":true}]}}